 l = 669 - 683. Is ((-93724)/8)/((49/l)/7) a prime number?
True
Let d(p) = p**3 - 1. Let y(h) = -1111*h**3 - h**2 - 2*h - 4. Let c(f) = 5*d(f) - y(f). Is c(2) a prime number?
False
Let f(d) = 40*d**2 - 124*d + 159. Let h(s) = 14*s**2 - 41*s + 53. Let b(k) = 4*f(k) - 11*h(k). Is b(-22) prime?
True
Let w be (-9)/(126/(-791))*-18. Let u = 16024 - w. Is u prime?
True
Let p = -126 + 130. Suppose 0 = 3*i + 12, -2*w - p*i = -7*w + 25281. Is w prime?
False
Let j(r) = 29*r**2 + 70*r + 380. Is j(-21) composite?
False
Suppose -5*j - 1776311 = -4*m, 11*m + 4*j - 2220399 = 6*m. Is m composite?
False
Let z = -93043 - -263240. Is z prime?
True
Suppose -3*o - 20 = -7*o. Suppose -4*n + 21501 = -5*f, o*n - 3*f - 26855 = -f. Suppose -3*v + n = 4*i - 0*v, -3*i - 4*v = -4025. Is i a composite number?
True
Suppose -26*d - 111032 - 7489500 = -102*d. Is d prime?
False
Suppose -2*q - 31 = 5*l, 24 = -4*q + l - 5. Let h be 12/8 - (-4)/q. Is 481/h + -2 + 2 a composite number?
True
Suppose 0 = 12*m + 3 + 57. Is m - (1 + -1916 - (-12)/4) composite?
False
Let z be (4 - (-52)/(-12))/(1/(-3)). Let b be 10/((8/(-412))/z). Let m = b - -3582. Is m a prime number?
True
Let k = 537 + -537. Suppose -14*i + 294092 - 54006 = k. Is i a composite number?
True
Suppose 4*n + 41*j - 330086 = 43*j, -3*j = 15. Is n a composite number?
True
Let o(s) = s**2 - 8*s - 62. Let p be o(13). Suppose -p*y = -2*j - 4*y + 1390, -5*j - 3*y + 3473 = 0. Is j a composite number?
True
Let z(s) = 517*s - 82. Let r be z(9). Suppose -5*v + r = -3824. Is v a prime number?
False
Suppose -40*k + 994253 = -3052107. Is k a composite number?
False
Suppose -73*w - 33*w + 117545 = -305289. Is w a composite number?
False
Let w(c) = -3*c**3 - 96*c**2 + 15*c - 193. Is w(-64) composite?
True
Let o be 2 + ((-4531)/(-345) - (-4)/(-30)). Suppose 21699 = o*z - 6*z. Is z composite?
False
Let n = 7112 + -3422. Let y = n - 2477. Is y composite?
False
Let y(o) = o**2 - 8. Let c be y(-3). Suppose -c = -x, 9*z - 5*z = -4*x + 456. Is z prime?
True
Suppose 2*y + 3*n + 9 = 0, 2*n = 3*y + 15 - 34. Suppose -y*h - 10044 = -3*a - 8*h, -3*h = -9. Is a composite?
False
Let s(h) = -72*h + 288. Let q be s(4). Suppose q*g + 5*g = w - 10198, -10233 = -w - 2*g. Is w a prime number?
True
Let n(d) = -28*d**2 + 30*d + 143. Let k(y) = -27*y**2 + 30*y + 144. Let r(j) = -5*k(j) + 4*n(j). Is r(-7) prime?
False
Let b = 14958 + 457. Is b a composite number?
True
Suppose 3*u + 2*u - 3*y = 12215, -u + 2443 = -3*y. Suppose 0 = a + 3*k - 1831, -4*a = -3*k - 4926 - u. Suppose 2*o - 390 - a = 0. Is o a prime number?
False
Let g = -19767 + 97616. Is g composite?
False
Let i = 262 - 252. Suppose i*f - 91853 = 21977. Is f a prime number?
True
Let u = 3 - 10. Let b(y) = -3*y**3 + 13*y**2 + 4*y - 10. Let x(z) = -z**3 + z**2 + 1. Let q(n) = -b(n) + 5*x(n). Is q(u) a composite number?
False
Let q(k) = 34*k**3 + 4*k**2 - 13*k + 17. Let g(l) = -l**2 - 10*l - 18. Let r be g(-6). Is q(r) a composite number?
True
Let f be 3 - (-2 - (-6288)/(-4)) - -3. Let g = f - 1046. Suppose 6*j = -g + 2664. Is j a composite number?
True
Let y = 33 + -28. Suppose -y*a = 10 - 0, 0 = 5*s - 5*a - 5. Is (s + (-270)/(-3))/1 composite?
False
Suppose -11927 = 14*x + 5923. Let i = -354 - x. Is i a composite number?
True
Let c = -6135 - -4188. Let o = c + 4597. Suppose 4*y = -2*a + 2*y + 5312, -a = 3*y - o. Is a a composite number?
False
Suppose 221*d - 4585020 = 161*d. Is d prime?
False
Suppose 12*b - 833 = -17873. Let l = b - 354. Let g = -597 - l. Is g a prime number?
False
Suppose -62 = 5*t - 2*x - 0, 17 = -t + 5*x. Let f = t + 15. Suppose -f*r - v = -16212, 0*r = -r - 2*v + 5409. Is r composite?
True
Suppose -201283 = -5*i + 4*l, 2*l = 20*i - 16*i - 161030. Is i composite?
True
Is 2316115*(-2)/(-30) - 4/(-3) a composite number?
False
Let d = -27288 - -47107. Is d a composite number?
False
Let u be 9/27*0 - -5. Suppose 0*g = u*g + f - 7960, -6354 = -4*g + 2*f. Is g composite?
True
Let b be 106/265 + 1 + 13/5. Suppose b*u = 5*w - 21694 - 39435, -2*w + 24466 = 2*u. Is w a prime number?
False
Let r = 192532 - 114255. Is r a prime number?
True
Let y(k) = 16*k**2 - 9*k - 54. Let v be y(-10). Suppose 5*h - v = h. Is h a composite number?
False
Suppose 246*s = 13*s + 21210689. Is s prime?
True
Let v(t) = -8*t - 3. Let z be v(-1). Suppose -2*l - s = -7*l + 31230, -2*l + z*s + 12469 = 0. Is l a prime number?
True
Is (-6)/(-3 - -6) - (45 + -102148) composite?
False
Suppose 120 = -5*k + 5*x, 0*x - 56 = 3*k + x. Let v = 21 + k. Is 0 - (-690 - 1/v) prime?
True
Let a be (-449494)/(-30) + 2*(-4)/60. Suppose 14*f - 49935 = a. Is f composite?
False
Let u be 3/(27/12)*36. Is ((-379)/(-4))/(12/u) composite?
False
Let x = -33 + 2. Let g = x - -32. Is (-23 + 18)*(97/(-1))/g a prime number?
False
Let y be -2*(2 - 1) + -4. Let x be 1*((-29)/y - 2/(-12)). Suppose 0*b + 1986 = x*b + 4*u, 2*b + 3*u - 800 = 0. Is b a prime number?
False
Let j be -10 + (-3 - -1 - (-3 + 1)). Is 5/j*2 - -4958 prime?
True
Let q(a) = 719*a + 30. Let x(k) = -719*k - 27. Let y(s) = -3*q(s) - 4*x(s). Is y(5) composite?
False
Is 85666497/2597 + 4/14 a composite number?
False
Let c be ((-105)/56)/(6/(-80)). Suppose -89*v + c*v = -4295744. Is v prime?
True
Is (-15 - -313)/((-20)/(-1510)) prime?
False
Suppose -2*z - 11 = 5*w, 4*z - 3*w = 5 + 12. Suppose 6*f - z*v - 30719 = f, 3*f - 18419 = -5*v. Is f a prime number?
True
Suppose 2*f - 5*x + 10026 = 5*f, -6685 = -2*f - 3*x. Suppose f = 7*l - 2449. Suppose -s - 5*q = s - 849, -2*q = -2*s + l. Is s a prime number?
False
Let a be (1 - 5) + 2 + (2 - -2). Let b(l) = 10*l - 13. Let q be b(a). Suppose -15*w = -q*w - 248. Is w a prime number?
True
Suppose 0*a - 2*r - 11 = -a, 0 = 4*a - 5*r - 38. Suppose 7321 = a*s - 2353. Let x = s + -663. Is x composite?
False
Let s(a) = -20706*a - 2747. Is s(-5) prime?
False
Let s(w) = -934*w + 40. Let h be s(3). Let d = 4123 + h. Is d a composite number?
False
Suppose 0 = 128*z + 46638186 - 188917994. Is z prime?
False
Is 132336 + (-7)/((-7)/(-17 + 10)) composite?
False
Suppose -3518 = 4*i - 29394. Is i prime?
True
Let i = -91 - -93. Suppose 5*v - 5*d = 2395, -1041 - 875 = -4*v + i*d. Is v a composite number?
False
Let f be -2*((-210)/12)/(-7). Let p(v) = -17*v**3 + v**2 - 3*v - 12. Is p(f) composite?
False
Let s be -2012*8/((-48)/45). Suppose s - 44517 = -3*y. Is y prime?
False
Let b(v) = 7711*v - 174. Is b(8) composite?
True
Let n(d) be the first derivative of 163*d**4/4 - 2*d**3/3 - d**2 + 3*d - 15. Let f be n(2). Let a = f + -882. Is a a composite number?
True
Let m = 244282 + -1946020. Is (-1)/9 - (m/81 - -4) a prime number?
False
Let j = 2158 + 369. Suppose -h + j + 1744 = 0. Is h prime?
True
Suppose 0*m + 4*m - 804 = 0. Suppose 0 = -5*o - 3*t - 1310, -o - m = -t + 53. Let k = 390 + o. Is k prime?
True
Let d(r) = 25*r**3 - r**2 - 5*r + 2. Let g be d(-3). Is (-382*4)/2*g/116 prime?
False
Suppose 0*s + 11*s = 66. Suppose 2232 = s*r - 5286. Is r prime?
False
Is 12451 + (3/4 - 3/4) a composite number?
False
Let k be 34872/4 - 2*(-4)/4. Let y = k + -141. Suppose 0 = -16*j - 1491 + y. Is j composite?
False
Let c(r) = 18*r + 114. Let d be c(-7). Let f(o) = 108*o**2 + 8*o - 17. Is f(d) composite?
False
Suppose 0 = -d + 2*l + 1367, 122*d - l = 125*d - 4080. Is d a prime number?
True
Let c = 2451651 + -1652740. Is c composite?
False
Suppose 15*k + 12 = 18*k. Suppose 0 = g + 3, -10*g + 14*g - 5024 = -k*p. Is p composite?
False
Let m = 665117 + -247266. Is m prime?
False
Let v = 519447 - 357541. Is v prime?
False
Suppose 33280094 + 35267039 - 14620340 = 179*o. Is o a prime number?
True
Let a be (-12 + 2)/(4 - 6). Suppose -5519 = -a*q + 13*v - 11*v, 0 = 2*q - 4*v - 2214. Is q composite?
False
Suppose -4*h = -5*q + 1177135, -2*h = 94 - 84. Is q prime?
False
Let c(k) = -9618*k - 8. Let m be c(-2). Is (3/2)/(114/m) a prime number?
False
Let u be (-56)/(-9) - ((-38)/(-9) - 4). Let b = u + -4. Suppose -b*i + 3163 = 5*x, 3*x + 0*x + i - 1897 = 0. Is x prime?
True
Let u = -274202 + 396549. Is u composite?
False
Let n be 1/((-21)/63*(1 - -2)). Is (-18)/(54/(-7))*(n - -11770) a prime number?
False
Is (-1080)/(-1728) - (-4814403)/8 a prime number?
True
Suppose b - 122907 - 32289 = -5*v, -b + 155192 = v. Is b prime?
True
Let a(r) = 129*r**3 + 48*r**2 + 74*r - 45. Is a(16) a composi